{"id":2325,"date":"2015-03-08T09:54:04","date_gmt":"2015-03-08T08:54:04","guid":{"rendered":"http:\/\/www.rodolphe-passions.info\/wordpress\/?page_id=2325"},"modified":"2023-08-16T15:08:35","modified_gmt":"2023-08-16T14:08:35","slug":"calendrier","status":"publish","type":"page","link":"https:\/\/www.rodolphe-passions.fr\/wordpress\/calendrier\/","title":{"rendered":"Calendrier"},"content":{"rendered":"<p><strong>2023<\/strong><\/p>\n<ul>\n<li>6 mai : Grimp\u00e9e du col de Porte (grimp\u00e9e)<\/li>\n<li>18 mai : Trois Cols (cyclosport)<\/li>\n<li>28 mai : GFNY Villard-de-Lans (cyclosport)<\/li>\n<li>3 juin : Trois Ballons (cyclosport)<\/li>\n<li>10 juin : Grimp\u00e9e de la Morte (grimp\u00e9e)<\/li>\n<li>17 juin : Ard\u00e9choise (cyclosport)<\/li>\n<li>25 juin : Alsacienne (cyclosport)<\/li>\n<li>8 juillet : Grimp\u00e9e de Chamrousse (grimp\u00e9e)<\/li>\n<li>27 ao\u00fbt : GFNY Alpes Vaujany (cyclosport)<\/li>\n<li>9 septembre : Grimp\u00e9e de Murianette (grimp\u00e9e)<\/li>\n<li>17 septembre : Grimp\u00e9e de Prapoutel-Pipay (grimp\u00e9e)<\/li>\n<li>24 septembre : Grimp\u00e9e de l&rsquo;Arzelier (grimp\u00e9e)<\/li>\n<li>1er octobre : Grimp\u00e9e de Montaud (grimp\u00e9e)<\/li>\n<\/ul>\n<p><strong>2022<\/strong><\/p>\n<ul>\n<li>30 janvier : Foul\u00e9e Blanche (nordique)<\/li>\n<li>13 f\u00e9vrier : Royale (nordique)<\/li>\n<li>27 f\u00e9vrier : Marathon du Grand Bec (nordique)<\/li>\n<li>7 mai : Grimp\u00e9e du col de Porte (grimp\u00e9e)<\/li>\n<li>26 mai : Trois Cols (cyclosport)<\/li>\n<li>29 mai : Grimp\u00e9e du St-Eynard (grimp\u00e9e)<\/li>\n<li>4 juin : Trois Ballons (cyclosport)<\/li>\n<li>11 juin : Grimp\u00e9e de la Morte (grimp\u00e9e)<\/li>\n<li>12 juin : Meg\u00e8ve Mt-Blanc Cycling (cyclosport)<\/li>\n<li>24-26 juin : Trilogie de Maurienne (cyclosport)<\/li>\n<li>9 juillet : Grimp\u00e9e de Chamrousse (grimp\u00e9e)<\/li>\n<li>7 ao\u00fbt : Madeleine (cyclosport)<\/li>\n<li>28 ao\u00fbt : AlpinBike Lac d&rsquo;Annecy (cyclosport)<\/li>\n<li>10 septembre : Grimp\u00e9e de Murianette (grimp\u00e9e)<\/li>\n<li>11 septembre : Grimp\u00e9e de Freydi\u00e8res (grimp\u00e9e)<\/li>\n<li>18 septembre : Grimp\u00e9e de Pipay 7 Laux (grimp\u00e9e)<\/li>\n<li>25 septembre : Grimp\u00e9e du col de l&rsquo;Arzelier (grimp\u00e9e)<\/li>\n<li>2 octobre : Grimp\u00e9e de Montaud (grimp\u00e9e)<\/li>\n<li>9 octobre : Grimp\u00e9e du col du Coq (grimp\u00e9e)<\/li>\n<\/ul>\n<p><strong>2021<\/strong><\/p>\n<ul>\n<li>29 mai : Grimp\u00e9e du St-Eynard (grimp\u00e9e)<\/li>\n<li>13 juin : Galibier Challenge (cyclosport)<\/li>\n<li>27 juin : Valence Vercors (cyclosport)<\/li>\n<li>10 juillet : Grimp\u00e9e de Chamrousse (grimp\u00e9e)<\/li>\n<li>11 juillet : Arvan-Villard (cyclosport)<\/li>\n<li>18 juillet : JPP Neuf de Coeur (cyclosport)<\/li>\n<li>1er ao\u00fbt : Madeleine (cyclosport)<\/li>\n<li>15 ao\u00fbt : Grimp\u00e9e de Valmeinier (grimp\u00e9e)<\/li>\n<li>5 septembre : Grimp\u00e9e du col de Porte (grimp\u00e9e)<\/li>\n<li>11 septembre : Grimp\u00e9e de Murianette (grimp\u00e9e)<\/li>\n<li>19 septembre : Grimp\u00e9e de Prapoutel (grimp\u00e9e)<\/li>\n<li>26 septembre : Grimp\u00e9e de l&rsquo;Arzelier (grimp\u00e9e)<\/li>\n<li>3 octobre : Grimp\u00e9e de Montaud (grimp\u00e9e)<\/li>\n<li>9 octobre : Grimp\u00e9e des 1000 Martyrs (grimp\u00e9e)<\/li>\n<\/ul>\n","protected":false},"excerpt":{"rendered":"<p>2023 6 mai : Grimp\u00e9e du col de Porte (grimp\u00e9e) 18 mai : Trois Cols (cyclosport) 28 mai : GFNY Villard-de-Lans (cyclosport) 3 juin : Trois Ballons (cyclosport) 10 juin : Grimp\u00e9e de la Morte (grimp\u00e9e) 17 juin : Ard\u00e9choise &hellip; <a href=\"https:\/\/www.rodolphe-passions.fr\/wordpress\/calendrier\/\">Continuer la lecture <span class=\"meta-nav\">&rarr;<\/span><\/a><\/p>\n","protected":false},"author":1,"featured_media":0,"parent":0,"menu_order":0,"comment_status":"open","ping_status":"open","template":"","meta":{"jetpack_post_was_ever_published":false,"footnotes":""},"class_list":["post-2325","page","type-page","status-publish","hentry"],"jetpack_shortlink":"https:\/\/wp.me\/P12zYw-Bv","jetpack_sharing_enabled":true,"jetpack_likes_enabled":true,"_links":{"self":[{"href":"https:\/\/www.rodolphe-passions.fr\/wordpress\/wp-json\/wp\/v2\/pages\/2325"}],"collection":[{"href":"https:\/\/www.rodolphe-passions.fr\/wordpress\/wp-json\/wp\/v2\/pages"}],"about":[{"href":"https:\/\/www.rodolphe-passions.fr\/wordpress\/wp-json\/wp\/v2\/types\/page"}],"author":[{"embeddable":true,"href":"https:\/\/www.rodolphe-passions.fr\/wordpress\/wp-json\/wp\/v2\/users\/1"}],"replies":[{"embeddable":true,"href":"https:\/\/www.rodolphe-passions.fr\/wordpress\/wp-json\/wp\/v2\/comments?post=2325"}],"version-history":[{"count":208,"href":"https:\/\/www.rodolphe-passions.fr\/wordpress\/wp-json\/wp\/v2\/pages\/2325\/revisions"}],"predecessor-version":[{"id":5932,"href":"https:\/\/www.rodolphe-passions.fr\/wordpress\/wp-json\/wp\/v2\/pages\/2325\/revisions\/5932"}],"wp:attachment":[{"href":"https:\/\/www.rodolphe-passions.fr\/wordpress\/wp-json\/wp\/v2\/media?parent=2325"}],"curies":[{"name":"wp","href":"https:\/\/api.w.org\/{rel}","templated":true}]}}